e greatest common divisor of 75 and 3525.
75
What is the highest common factor of 513 and 342?
171
Calculate the highest common divisor of 2547 and 3.
3
Calculate the greatest common divisor of 17 and 1921.
17
Calculate the highest common divisor of 208 and 3.
1
What is the highest common factor of 1802 and 646?
34
Calculate the greatest common divisor of 28 and 1016.
4
What is the greatest common divisor of 44 and 23276?
44
Calculate the greatest common factor of 21 and 161.
7
Calculate the greatest common divisor of 2176 and 340.
68
What is the highest common divisor of 4541 and 95?
19
Calculate the highest common divisor of 3695 and 15.
5
What is the highest common divisor of 75 and 12975?
75
Calculate the greatest common factor of 5 and 14.
1
Calculate the greatest common divisor of 714 and 204.
102
What is the greatest common divisor of 20 and 140?
20
Calculate the greatest common factor of 377 and 39.
13
What is the greatest common factor of 66 and 2222?
22
What is the highest common factor of 14336 and 56?
56
What is the highest common divisor of 140 and 5530?
70
What is the greatest common factor of 151 and 1?
1
What is the greatest common divisor of 44 and 4279?
11
Calculate the greatest common divisor of 36 and 1460.
4
What is the highest common divisor of 21306 and 636?
318
Calculate the greatest common factor of 60 and 345.
15
What is the highest common factor of 385 and 105?
35
Calculate the highest common factor of 10058 and 428.
214
Calculate the highest common divisor of 4 and 292.
4
What is the greatest common factor of 18 and 7902?
18
What is the highest common divisor of 390 and 2184?
78
What is the greatest common factor of 104 and 312?
104
Calculate the greatest common factor of 396 and 648.
36
Calculate the greatest common divisor of 19557 and 18.
9
What is the highest common factor of 100 and 2875?
25
What is the greatest common factor of 148604 and 388?
388
What is the greatest common divisor of 1001 and 77?
77
What is the greatest common factor of 656 and 144?
16
What is the greatest common factor of 3886 and 232?
58
What is the greatest common divisor of 5868 and 90?
18
Calculate the greatest common factor of 16 and 188.
4
What is the highest common divisor of 119 and 170?
17
What is the highest common factor of 115772 and 103?
103
Calculate the highest common factor of 405 and 375.
15
Calculate the highest common divisor of 532 and 56.
28
Calculate the greatest common factor of 256 and 16.
16
Calculate the highest common factor of 817 and 152.
19
Calculate the greatest common divisor of 68 and 1275.
17
What is the highest common divisor of 29 and 58?
29
What is the highest common divisor of 651 and 21?
21
What is the highest common divisor of 65 and 13403?
13
What is the greatest common divisor of 91 and 21?
7
What is the highest common divisor of 116 and 1334?
58
What is the greatest common factor of 3352 and 8?
8
Calculate the highest common factor of 143 and 117.
13
Calculate the greatest common factor of 169 and 1274.
13
Calculate the greatest common divisor of 102 and 289.
17
Calculate the greatest common divisor of 10974 and 12.
6
What is the highest common divisor of 37 and 37?
37
Calculate the highest common divisor of 18 and 7821.
9
What is the highest common divisor of 87 and 203?
29
What is the highest common divisor of 2 and 706?
2
Calculate the greatest common factor of 1720 and 320.
40
Calculate the highest common divisor of 155 and 1271.
31
Calculate the greatest common divisor of 54 and 621.
27
Calculate the highest common divisor of 135 and 144.
9
What is the highest common factor of 120 and 19860?
60
What is the greatest common divisor of 1635 and 60?
15
Calculate the greatest common factor of 10 and 9970.
10
Calculate the highest common divisor of 6 and 13722.
6
What is the greatest common divisor of 16 and 444?
4
Calculate the greatest common factor of 891 and 2442.
33
Calculate the highest common factor of 140 and 27580.
140
Calculate the highest common divisor of 297 and 396.
99
What is the highest common divisor of 52 and 6175?
13
Calculate the greatest common factor of 104 and 1300.
52
What is the greatest common divisor of 530 and 1696?
106
Calculate the greatest common factor of 256 and 16.
16
What is the greatest common divisor of 334 and 14195?
167
What is the greatest common factor of 140 and 112?
28
What is the highest common divisor of 495 and 630?
45
What is the greatest common divisor of 80 and 48?
16
What is the highest common divisor of 399 and 57?
57
Calculate the greatest common divisor of 24 and 15.
3
Calculate the highest common divisor of 4 and 16.
4
Calculate the greatest common divisor of 186 and 10974.
186
Calculate the highest common divisor of 14 and 20426.
14
Calculate the highest common divisor of 13000 and 625.
125
What is the greatest common divisor of 21348 and 108?
36
Calculate the greatest common factor of 720 and 280.
40
Calculate the greatest common factor of 731 and 43.
43
What is the highest common factor of 187 and 68?
17
Calculate the greatest common factor of 126 and 4518.
18
Calculate the highest common factor of 9 and 147.
3
Calculate the greatest common factor of 1761 and 1.
1
What is the highest common divisor of 14814 and 54?
18
What is the highest common divisor of 1548 and 989?
43
What is the greatest common divisor of 575 and 2530?
115
What is the highest common factor of 20 and 580?
20
Calculate the greatest common divisor of 1365 and 105.
105
What is the highest common divisor of 392 and 21?
7
Calculate the greatest common factor of 394 and 2.
2
What is the greatest common factor of 4648 and 56?
56
Calculate the greatest common factor of 6016 and 128.
128
What is the greatest common factor of 392 and 24?
8
Calculate the highest common factor of 132 and 1572.
12
What is the greatest common factor of 31296 and 576?
192
What is the greatest common divisor of 51 and 3009?
51
Calculate the greatest common divisor of 9820 and 20.
20
What is the highest common factor of 132 and 7452?
12
Calculate the greatest common factor of 254 and 7747.
127
Calculate the greatest common factor of 2 and 74.
2
Calculate the highest common factor of 102 and 132.
6
What is the greatest common divisor of 3723 and 408?
51
Calculate the greatest common factor of 12 and 196.
4
What is the greatest common divisor of 250 and 1775?
25
What is the greatest common divisor of 1287 and 897?
39
What is the highest common factor of 9 and 32517?
9
What is the highest common divisor of 540 and 675?
135
Calculate the greatest common factor of 138 and 322.
46
What is the greatest common divisor of 28 and 63?
7
What is the highest common factor of 246 and 11234?
82
Calculate the highest common factor of 711 and 9.
9
What is the greatest common factor of 728 and 1768?
104
Calculate the greatest common divisor of 112942 and 298.
298
Calculate the greatest common factor of 14 and 2.
2
Calculate the greatest common divisor of 15 and 1455.
15
What is the highest common factor of 99 and 4169?
11
What is the greatest common factor of 35 and 10?
5
Calculate the greatest common divisor of 164 and 3526.
82
Calculate the greatest common divisor of 350 and 40.
10
Calculate the highest common divisor of 36 and 44.
4
Calculate the highest common factor of 1045 and 152.
19
What is the highest common divisor of 2000 and 496?
16
Calculate the greatest common divisor of 785 and 35.
5
What is the highest common divisor of 483 and 91?
7
What is the highest common divisor of 60 and 260?
20
Calculate the highest common divisor of 90 and 11430.
90
What is the greatest common divisor of 860 and 20?
20
Calculate the highest common divisor of 989 and 69.
23
Calculate the greatest common factor of 7 and 343.
7
Calculate the greatest common factor of 18936 and 18.
18
Calculate the highest common factor of 3616 and 113.
113
Calculate the greatest common divisor of 10 and 50.
10
What is the highest common divisor of 252 and 42?
42
Calculate the greatest common divisor of 15 and 1455.
15
What is the highest common factor of 3116 and 656?
164
Calculate the greatest common divisor of 96 and 108.
12
What is the greatest common factor of 220 and 70?
10
Calculate the highest common factor of 3 and 4389.
3
What is the high